[INFO] fetching crate mashin 0.1.7...
[INFO] checking mashin-0.1.7 against master#e6e4f7ed1589e03bc2f6c5931c1a72e7947e8682 for beta-170-4
[INFO] extracting crate mashin 0.1.7 into /workspace/builds/worker-7-tc2/source
[INFO] validating manifest of crates.io crate mashin 0.1.7 on toolchain e6e4f7ed1589e03bc2f6c5931c1a72e7947e8682
[INFO] running `Command { std: CARGO_HOME="/workspace/cargo-home" RUSTUP_HOME="/workspace/rustup-home" "/workspace/cargo-home/bin/cargo" "+e6e4f7ed1589e03bc2f6c5931c1a72e7947e8682" "metadata" "--manifest-path" "Cargo.toml" "--no-deps", kill_on_drop: false }`
[INFO] started tweaking crates.io crate mashin 0.1.7
[INFO] finished tweaking crates.io crate mashin 0.1.7
[INFO] tweaked toml for crates.io crate mashin 0.1.7 written to /workspace/builds/worker-7-tc2/source/Cargo.toml
[INFO] crate crates.io crate mashin 0.1.7 already has a lockfile, it will not be regenerated
[INFO] running `Command { std: CARGO_HOME="/workspace/cargo-home" RUSTUP_HOME="/workspace/rustup-home" "/workspace/cargo-home/bin/cargo" "+e6e4f7ed1589e03bc2f6c5931c1a72e7947e8682" "fetch" "--manifest-path" "Cargo.toml", kill_on_drop: false }`
[INFO] running `Command { std: "docker" "create" "-v" "/var/lib/crater-agent-workspace/builds/worker-7-tc2/target:/opt/rustwide/target:rw,Z" "-v" "/var/lib/crater-agent-workspace/builds/worker-7-tc2/source:/opt/rustwide/workdir:ro,Z" "-v" "/var/lib/crater-agent-workspace/cargo-home:/opt/rustwide/cargo-home:ro,Z" "-v" "/var/lib/crater-agent-workspace/rustup-home:/opt/rustwide/rustup-home:ro,Z" "-e" "SOURCE_DIR=/opt/rustwide/workdir" "-e" "CARGO_TARGET_DIR=/opt/rustwide/target" "-e" "CARGO_HOME=/opt/rustwide/cargo-home" "-e" "RUSTUP_HOME=/opt/rustwide/rustup-home" "-w" "/opt/rustwide/workdir" "-m" "1610612736" "--user" "0:0" "--network" "none" "ghcr.io/rust-lang/crates-build-env/linux@sha256:19e73879b68f455e41552ea35293514db52ea292d993f571636dbffedb77a1ee" "/opt/rustwide/cargo-home/bin/cargo" "+e6e4f7ed1589e03bc2f6c5931c1a72e7947e8682" "metadata" "--no-deps" "--format-version=1", kill_on_drop: false }`
[INFO] [stdout] 9359fd4f63355d82cfb81c800a739cfcec60e701c90c369e05ba14b1bbc2056e
[INFO] running `Command { std: "docker" "start" "-a" "9359fd4f63355d82cfb81c800a739cfcec60e701c90c369e05ba14b1bbc2056e", kill_on_drop: false }`
[INFO] running `Command { std: "docker" "inspect" "9359fd4f63355d82cfb81c800a739cfcec60e701c90c369e05ba14b1bbc2056e", kill_on_drop: false }`
[INFO] running `Command { std: "docker" "rm" "-f" "9359fd4f63355d82cfb81c800a739cfcec60e701c90c369e05ba14b1bbc2056e", kill_on_drop: false }`
[INFO] [stdout] 9359fd4f63355d82cfb81c800a739cfcec60e701c90c369e05ba14b1bbc2056e
[INFO] running `Command { std: "docker" "create" "-v" "/var/lib/crater-agent-workspace/builds/worker-7-tc2/target:/opt/rustwide/target:rw,Z" "-v" "/var/lib/crater-agent-workspace/builds/worker-7-tc2/source:/opt/rustwide/workdir:ro,Z" "-v" "/var/lib/crater-agent-workspace/cargo-home:/opt/rustwide/cargo-home:ro,Z" "-v" "/var/lib/crater-agent-workspace/rustup-home:/opt/rustwide/rustup-home:ro,Z" "-e" "SOURCE_DIR=/opt/rustwide/workdir" "-e" "CARGO_TARGET_DIR=/opt/rustwide/target" "-e" "CARGO_INCREMENTAL=0" "-e" "RUST_BACKTRACE=full" "-e" "RUSTFLAGS=--cap-lints=forbid" "-e" "RUSTDOCFLAGS=--cap-lints=forbid" "-e" "CARGO_HOME=/opt/rustwide/cargo-home" "-e" "RUSTUP_HOME=/opt/rustwide/rustup-home" "-w" "/opt/rustwide/workdir" "-m" "1610612736" "--user" "0:0" "--network" "none" "ghcr.io/rust-lang/crates-build-env/linux@sha256:19e73879b68f455e41552ea35293514db52ea292d993f571636dbffedb77a1ee" "/opt/rustwide/cargo-home/bin/cargo" "+e6e4f7ed1589e03bc2f6c5931c1a72e7947e8682" "check" "--frozen" "--all" "--all-targets" "--message-format=json", kill_on_drop: false }`
[INFO] [stdout] 885f759236625b7acece20194daf480e3dccd36152779caef66cb221bc50147c
[INFO] running `Command { std: "docker" "start" "-a" "885f759236625b7acece20194daf480e3dccd36152779caef66cb221bc50147c", kill_on_drop: false }`
[INFO] [stderr]    Compiling quote v1.0.26
[INFO] [stderr]    Compiling proc-macro2 v1.0.56
[INFO] [stderr]    Compiling unicode-ident v1.0.8
[INFO] [stderr]    Compiling libc v0.2.140
[INFO] [stderr]    Compiling syn v1.0.109
[INFO] [stderr]    Compiling serde_derive v1.0.160
[INFO] [stderr]    Compiling serde v1.0.160
[INFO] [stderr]     Checking once_cell v1.17.1
[INFO] [stderr]     Checking smallvec v1.10.0
[INFO] [stderr]     Checking itoa v1.0.6
[INFO] [stderr]    Compiling indexmap v1.9.3
[INFO] [stderr]     Checking hashbrown v0.12.3
[INFO] [stderr]    Compiling memchr v2.5.0
[INFO] [stderr]    Compiling num-traits v0.2.15
[INFO] [stderr]    Compiling regex-syntax v0.6.29
[INFO] [stderr]    Compiling serde_json v1.0.96
[INFO] [stderr]    Compiling aho-corasick v0.7.20
[INFO] [stderr]    Compiling syn v2.0.15
[INFO] [stderr]     Checking ryu v1.0.13
[INFO] [stderr]    Compiling num-integer v0.1.45
[INFO] [stderr]    Compiling log v0.4.17
[INFO] [stderr]    Compiling num-bigint v0.4.3
[INFO] [stderr]     Checking data-encoding v2.3.3
[INFO] [stderr]     Checking parking_lot_core v0.9.7
[INFO] [stderr]     Checking parking_lot v0.12.1
[INFO] [stderr]     Checking getrandom v0.2.8
[INFO] [stderr]     Checking unicode-id v0.3.3
[INFO] [stderr]     Checking if_chain v1.0.2
[INFO] [stderr]     Checking tracing-core v0.1.30
[INFO] [stderr]    Compiling futures-core v0.3.27
[INFO] [stderr]     Checking num_cpus v1.15.0
[INFO] [stderr]    Compiling rand_core v0.6.4
[INFO] [stderr]    Compiling ppv-lite86 v0.2.17
[INFO] [stderr]    Compiling siphasher v0.3.10
[INFO] [stderr]    Compiling phf_shared v0.10.0
[INFO] [stderr]    Compiling futures-channel v0.3.27
[INFO] [stderr]     Checking unicode-width v0.1.10
[INFO] [stderr]     Checking futures-sink v0.3.27
[INFO] [stderr]    Compiling futures-task v0.3.27
[INFO] [stderr]    Compiling futures-util v0.3.27
[INFO] [stderr]    Compiling regex v1.7.3
[INFO] [stderr]    Compiling rand_chacha v0.3.1
[INFO] [stderr]     Checking futures-io v0.3.27
[INFO] [stderr]     Checking stable_deref_trait v1.2.0
[INFO] [stderr]    Compiling rand v0.8.5
[INFO] [stderr]     Checking precomputed-hash v0.1.1
[INFO] [stderr]     Checking new_debug_unreachable v1.0.4
[INFO] [stderr]    Compiling ring v0.16.20
[INFO] [stderr]    Compiling tokio v1.25.0
[INFO] [stderr]     Checking scoped-tls v1.0.1
[INFO] [stderr]     Checking better_scoped_tls v0.1.0
[INFO] [stderr]     Checking ahash v0.7.6
[INFO] [stderr]     Checking socket2 v0.4.9
[INFO] [stderr]     Checking signal-hook-registry v1.4.1
[INFO] [stderr]     Checking mio v0.8.6
[INFO] [stderr]    Compiling Inflector v0.11.4
[INFO] [stderr]    Compiling phf_generator v0.10.0
[INFO] [stderr]    Compiling string_cache_codegen v0.5.2
[INFO] [stderr]    Compiling anyhow v1.0.71
[INFO] [stderr]     Checking lexical-util v0.8.5
[INFO] [stderr]     Checking bitflags v2.2.1
[INFO] [stderr]    Compiling which v4.4.0
[INFO] [stderr]    Compiling fslock v0.1.8
[INFO] [stderr]    Compiling psm v0.1.21
[INFO] [stderr]    Compiling v8 v0.66.0
[INFO] [stderr]    Compiling swc_atoms v0.5.3
[INFO] [stderr]     Checking lexical-write-integer v0.8.5
[INFO] [stderr]     Checking lexical-parse-integer v0.8.6
[INFO] [stderr]    Compiling winnow v0.4.1
[INFO] [stderr]    Compiling toml_datetime v0.6.1
[INFO] [stderr]    Compiling io-lifetimes v1.0.10
[INFO] [stderr]    Compiling convert_case v0.4.0
[INFO] [stderr]     Checking lexical-parse-float v0.8.5
[INFO] [stderr]     Checking lexical-write-float v0.8.5
[INFO] [stderr]    Compiling pmutil v0.5.3
[INFO] [stderr]    Compiling smartstring v1.0.1
[INFO] [stderr]    Compiling stacker v0.1.15
[INFO] [stderr]     Checking webpki v0.22.0
[INFO] [stderr]    Compiling swc_macros_common v0.3.7
[INFO] [stderr]    Compiling proc-macro-hack v0.5.20+deprecated
[INFO] [stderr]    Compiling rustls v0.20.8
[INFO] [stderr]    Compiling rustix v0.37.7
[INFO] [stderr]     Checking http v0.2.9
[INFO] [stderr]    Compiling toml_edit v0.19.8
[INFO] [stderr]     Checking sct v0.7.0
[INFO] [stderr]     Checking lexical-core v0.8.5
[INFO] [stderr]     Checking cpufeatures v0.2.6
[INFO] [stderr]     Checking linux-raw-sys v0.3.1
[INFO] [stderr]     Checking lexical v6.1.1
[INFO] [stderr]     Checking typed-arena v2.0.2
[INFO] [stderr]    Compiling thiserror-impl v1.0.40
[INFO] [stderr]    Compiling proc-macro-crate v1.3.1
[INFO] [stderr]    Compiling tracing-attributes v0.1.23
[INFO] [stderr]    Compiling futures-macro v0.3.27
[INFO] [stderr]    Compiling swc_visit_macros v0.5.6
[INFO] [stderr]    Compiling swc_eq_ignore_macros v0.1.1
[INFO] [stderr]    Compiling ast_node v0.9.3
[INFO] [stderr]    Compiling from_variant v0.1.5
[INFO] [stderr]    Compiling tokio-macros v1.8.2
[INFO] [stderr]    Compiling is-macro v0.2.2
[INFO] [stderr]     Checking tracing v0.1.37
[INFO] [stderr]    Compiling string_enum v0.4.0
[INFO] [stderr]     Checking thiserror v1.0.40
[INFO] [stderr]    Compiling derive_more v0.99.17
[INFO] [stderr]    Compiling pin-project-internal v1.0.12
[INFO] [stderr]    Compiling deno_ops v0.55.0
[INFO] [stderr]     Checking futures-executor v0.3.27
[INFO] [stderr]     Checking futures v0.3.27
[INFO] [stderr]     Checking pin-project v1.0.12
[INFO] [stderr]    Compiling phf_macros v0.10.0
[INFO] [stderr]     Checking swc_visit v0.5.5
[INFO] [stderr]     Checking base64 v0.13.1
[INFO] [stderr]     Checking alloc-no-stdlib v2.0.4
[INFO] [stderr]     Checking base64 v0.21.0
[INFO] [stderr]     Checking try-lock v0.2.4
[INFO] [stderr]    Compiling proc-macro2 v0.4.30
[INFO] [stderr]     Checking rustls-pemfile v1.0.2
[INFO] [stderr]     Checking want v0.3.0
[INFO] [stderr]     Checking miniz_oxide v0.5.4
[INFO] [stderr]     Checking alloc-stdlib v0.2.2
[INFO] [stderr]     Checking is-terminal v0.4.7
[INFO] [stderr]     Checking http-body v0.4.5
[INFO] [stderr]     Checking phf v0.10.1
[INFO] [stderr]     Checking webpki-roots v0.22.6
[INFO] [stderr]    Compiling encoding_rs v0.8.31
[INFO] [stderr]    Compiling same-file v1.0.6
[INFO] [stderr]     Checking openssl-probe v0.1.5
[INFO] [stderr]     Checking tokio-util v0.7.7
[INFO] [stderr]     Checking tokio-rustls v0.23.4
[INFO] [stderr]    Compiling unicode-xid v0.1.0
[INFO] [stderr]     Checking rustls-native-certs v0.6.2
[INFO] [stderr]    Compiling walkdir v2.3.3
[INFO] [stderr]     Checking flate2 v1.0.24
[INFO] [stderr]     Checking digest v0.10.6
[INFO] [stderr]     Checking brotli-decompressor v2.3.4
[INFO] [stderr]    Compiling swc_config_macro v0.1.1
[INFO] [stderr]    Compiling swc_ecma_transforms_macros v0.5.1
[INFO] [stderr]     Checking url v2.3.1
[INFO] [stderr]     Checking triomphe v0.1.8
[INFO] [stderr]     Checking string_cache v0.8.7
[INFO] [stderr]     Checking serde_bytes v0.11.9
[INFO] [stderr]     Checking h2 v0.3.18
[INFO] [stderr]    Compiling syn v0.15.44
[INFO] [stderr]     Checking sourcemap v6.2.3
[INFO] [stderr]     Checking byteorder v1.4.3
[INFO] [stderr]    Compiling async-trait v0.1.68
[INFO] [stderr]    Compiling portable-atomic v0.3.19
[INFO] [stderr]     Checking data-url v0.2.0
[INFO] [stderr]     Checking swc_common v0.31.4
[INFO] [stderr]    Compiling pkg-config v0.3.26
[INFO] [stderr]     Checking swc_config v0.1.5
[INFO] [stderr]     Checking brotli v3.3.4
[INFO] [stderr]    Compiling quote v0.6.13
[INFO] [stderr]     Checking sha-1 v0.10.0
[INFO] [stderr]    Compiling libsodium-sys v0.2.7
[INFO] [stderr]     Checking console v0.15.5
[INFO] [stderr]     Checking dashmap v5.4.0
[INFO] [stderr]    Compiling libffi-sys v2.2.0
[INFO] [stderr]     Checking swc_ecma_ast v0.103.4
[INFO] [stderr]    Compiling paste v1.0.12
[INFO] [stderr]     Checking unic-char-range v0.9.0
[INFO] [stderr]     Checking termcolor v1.2.0
[INFO] [stderr]     Checking hyper v0.14.25
[INFO] [stderr]     Checking unic-common v0.9.0
[INFO] [stderr]     Checking unic-ucd-version v0.9.0
[INFO] [stderr]     Checking sha-1 v0.9.8
[INFO] [stderr]     Checking unic-char-property v0.9.0
[INFO] [stderr]    Compiling mashin_primitives v0.1.1
[INFO] [stderr]     Checking hyper-rustls v0.23.2
[INFO] [stderr]     Checking async-compression v0.3.15
[INFO] [stderr]     Checking text_lines v0.6.0
[INFO] [stderr]     Checking serde_urlencoded v0.7.1
[INFO] [stderr]     Checking uuid v1.3.0
[INFO] [stderr]     Checking tokio-socks v0.5.1
[INFO] [stderr]    Compiling swc_ecma_codegen_macros v0.7.2
[INFO] [stderr]     Checking number_prefix v0.4.0
[INFO] [stderr]     Checking mime v0.3.17
[INFO] [stderr]     Checking bumpalo v3.12.0
[INFO] [stderr]     Checking signature v1.6.4
[INFO] [stderr]     Checking utf8parse v0.2.1
[INFO] [stderr]     Checking ipnet v2.7.2
[INFO] [stderr]     Checking anstyle-parse v0.2.0
[INFO] [stderr]     Checking ed25519 v1.5.3
[INFO] [stderr]     Checking env_logger v0.10.0
[INFO] [stderr]     Checking reqwest v0.11.17
[INFO] [stderr]     Checking tungstenite v0.16.0
[INFO] [stderr]     Checking swc_ecma_loader v0.43.6
[INFO] [stderr]     Checking indicatif v0.17.3
[INFO] [stderr]    Compiling dlopen_derive v0.1.4
[INFO] [stderr]    Compiling mashin_macro v0.1.10
[INFO] [stderr]     Checking unic-ucd-ident v0.9.0
[INFO] [stderr]     Checking deno_media_type v0.1.0
[INFO] [stderr]     Checking bincode v1.3.3
[INFO] [stderr]     Checking urn v0.5.1
[INFO] [stderr]     Checking ordered-float v3.6.0
[INFO] [stderr]     Checking vsimd v0.8.0
[INFO] [stderr]     Checking colorchoice v1.0.0
[INFO] [stderr]     Checking anstyle-query v1.0.0
[INFO] [stderr]     Checking anstyle v1.0.0
[INFO] [stderr]     Checking outref v0.5.1
[INFO] [stderr]     Checking id-arena v2.2.1
[INFO] [stderr]     Checking monch v0.4.1
[INFO] [stderr]     Checking rkv v0.18.4
[INFO] [stderr]     Checking deno_semver v0.2.2
[INFO] [stderr]     Checking base64-simd v0.8.0
[INFO] [stderr]     Checking anstream v0.3.1
[INFO] [stderr]     Checking mashin_sdk v0.1.11
[INFO] [stderr]     Checking dlopen v0.1.8
[INFO] [stderr]     Checking urlpattern v0.2.0
[INFO] [stderr]     Checking tokio-tungstenite v0.16.1
[INFO] [stderr]     Checking tokio-stream v0.1.12
[INFO] [stderr]    Compiling serde_repr v0.1.9
[INFO] [stderr]     Checking itertools v0.10.5
[INFO] [stderr]     Checking ordered-float v2.10.0
[INFO] [stderr]     Checking libffi v3.2.0
[INFO] [stderr]    Compiling mashin_runtime v0.1.6
[INFO] [stderr]     Checking clap_lex v0.4.1
[INFO] [stderr]     Checking dyn-clone v1.0.11
[INFO] [stderr]     Checking fastrand v1.9.0
[INFO] [stderr]     Checking clap_builder v4.2.5
[INFO] [stderr]    Compiling clap_derive v4.2.0
[INFO] [stderr]     Checking tempfile v3.5.0
[INFO] [stderr]     Checking serde-value v0.7.0
[INFO] [stderr]     Checking import_map v0.13.0
[INFO] [stderr]    Compiling lazy-regex-proc_macros v2.4.1
[INFO] [stderr]     Checking swc_ecma_visit v0.89.4
[INFO] [stderr]     Checking swc_ecma_parser v0.133.10
[INFO] [stderr]     Checking swc_ecma_codegen v0.138.11
[INFO] [stderr]     Checking time v0.1.45
[INFO] [stderr]    Compiling mashin v0.1.7 (/opt/rustwide/workdir)
[INFO] [stderr]     Checking zeroize v1.6.0
[INFO] [stderr]     Checking iana-time-zone v0.1.56
[INFO] [stderr]     Checking shell-words v1.1.0
[INFO] [stderr]     Checking dialoguer v0.10.4
[INFO] [stderr]     Checking chrono v0.4.24
[INFO] [stderr]     Checking lazy-regex v2.5.0
[INFO] [stderr]     Checking nix v0.24.2
[INFO] [stderr]     Checking clap v4.2.5
[INFO] [stderr]     Checking atty v0.2.14
[INFO] [stderr]     Checking dprint-swc-ext v0.9.0
[INFO] [stderr]     Checking swc_ecma_utils v0.116.10
[INFO] [stderr]     Checking swc_ecma_dep_graph v0.105.10
[INFO] [stderr]     Checking swc_ecma_transforms_base v0.126.13
[INFO] [stderr]     Checking swc_ecma_transforms_react v0.172.19
[INFO] [stderr]     Checking swc_ecma_transforms_classes v0.115.13
[INFO] [stderr]     Checking swc_ecma_transforms_proposal v0.160.16
[INFO] [stderr]     Checking swc_ecma_transforms_typescript v0.176.19
[INFO] [stderr]     Checking deno_ast v0.26.0
[INFO] [stderr] error: failed to run custom build command for `v8 v0.66.0`
[INFO] [stderr] note: To improve backtraces for build dependencies, set the CARGO_PROFILE_DEV_BUILD_OVERRIDE_DEBUG=true environment variable to enable debug information generation.
[INFO] [stderr] 
[INFO] [stderr] Caused by:
[INFO] [stderr]   process didn't exit successfully: `/opt/rustwide/target/debug/build/v8-22d00c9c8830f0e4/build-script-build` (exit status: 101)
[INFO] [stderr]   --- stdout
[INFO] [stderr]   cargo:rerun-if-changed=.gn
[INFO] [stderr]   cargo:rerun-if-changed=BUILD.gn
[INFO] [stderr]   cargo:rerun-if-changed=src/binding.cc
[INFO] [stderr]   cargo:rerun-if-env-changed=CCACHE
[INFO] [stderr]   cargo:rerun-if-env-changed=CLANG_BASE_PATH
[INFO] [stderr]   cargo:rerun-if-env-changed=DENO_TRYBUILD
[INFO] [stderr]   cargo:rerun-if-env-changed=DOCS_RS
[INFO] [stderr]   cargo:rerun-if-env-changed=GN
[INFO] [stderr]   cargo:rerun-if-env-changed=GN_ARGS
[INFO] [stderr]   cargo:rerun-if-env-changed=HOST
[INFO] [stderr]   cargo:rerun-if-env-changed=NINJA
[INFO] [stderr]   cargo:rerun-if-env-changed=OUT_DIR
[INFO] [stderr]   cargo:rerun-if-env-changed=RUSTY_V8_ARCHIVE
[INFO] [stderr]   cargo:rerun-if-env-changed=RUSTY_V8_MIRROR
[INFO] [stderr]   cargo:rerun-if-env-changed=SCCACHE
[INFO] [stderr]   cargo:rerun-if-env-changed=V8_FORCE_DEBUG
[INFO] [stderr]   cargo:rerun-if-env-changed=V8_FROM_SOURCE
[INFO] [stderr]   cargo:rerun-if-env-changed=PYTHON
[INFO] [stderr]   cargo:rustc-link-lib=static=rusty_v8
[INFO] [stderr]   download lockfile: "/opt/rustwide/target/debug/build/lib_download.fslock"
[INFO] [stderr]   static lib URL: https://github.com/denoland/rusty_v8/releases/download/v0.66.0/librusty_v8_release_x86_64-unknown-linux-gnu.a
[INFO] [stderr]   cargo:rustc-link-search=/opt/rustwide/target/debug/gn_out/obj
[INFO] [stderr]   Downloading https://github.com/denoland/rusty_v8/releases/download/v0.66.0/librusty_v8_release_x86_64-unknown-linux-gnu.a
[INFO] [stderr]   Downloading https://github.com/denoland/rusty_v8/releases/download/v0.66.0/librusty_v8_release_x86_64-unknown-linux-gnu.a...
[INFO] [stderr]   <urlopen error [Errno -3] Temporary failure in name resolution>
[INFO] [stderr]   Retrying in 5 s ...
[INFO] [stderr]   Downloading https://github.com/denoland/rusty_v8/releases/download/v0.66.0/librusty_v8_release_x86_64-unknown-linux-gnu.a...
[INFO] [stderr]   <urlopen error [Errno -3] Temporary failure in name resolution>
[INFO] [stderr]   Retrying in 10 s ...
[INFO] [stderr]   Downloading https://github.com/denoland/rusty_v8/releases/download/v0.66.0/librusty_v8_release_x86_64-unknown-linux-gnu.a...
[INFO] [stderr]   <urlopen error [Errno -3] Temporary failure in name resolution>
[INFO] [stderr]   Retrying in 20 s ...
[INFO] [stderr]   Downloading https://github.com/denoland/rusty_v8/releases/download/v0.66.0/librusty_v8_release_x86_64-unknown-linux-gnu.a...
[INFO] [stderr]   <urlopen error [Errno -3] Temporary failure in name resolution>
[INFO] [stderr]   Python downloader failed, trying with curl.
[INFO] [stderr] 
[INFO] [stderr]   --- stderr
[INFO] [stderr]   Traceback (most recent call last):
[INFO] [stderr]     File "/usr/lib/python3.10/urllib/request.py", line 1348, in do_open
[INFO] [stderr]       h.request(req.get_method(), req.selector, req.data, headers,
[INFO] [stderr]     File "/usr/lib/python3.10/http/client.py", line 1282, in request
[INFO] [stderr]       self._send_request(method, url, body, headers, encode_chunked)
[INFO] [stderr]     File "/usr/lib/python3.10/http/client.py", line 1328, in _send_request
[INFO] [stderr]       self.endheaders(body, encode_chunked=encode_chunked)
[INFO] [stderr]     File "/usr/lib/python3.10/http/client.py", line 1277, in endheaders
[INFO] [stderr]       self._send_output(message_body, encode_chunked=encode_chunked)
[INFO] [stderr]     File "/usr/lib/python3.10/http/client.py", line 1037, in _send_output
[INFO] [stderr]       self.send(msg)
[INFO] [stderr]     File "/usr/lib/python3.10/http/client.py", line 975, in send
[INFO] [stderr]       self.connect()
[INFO] [stderr]     File "/usr/lib/python3.10/http/client.py", line 1447, in connect
[INFO] [stderr]       super().connect()
[INFO] [stderr]     File "/usr/lib/python3.10/http/client.py", line 941, in connect
[INFO] [stderr]       self.sock = self._create_connection(
[INFO] [stderr]     File "/usr/lib/python3.10/socket.py", line 824, in create_connection
[INFO] [stderr]       for res in getaddrinfo(host, port, 0, SOCK_STREAM):
[INFO] [stderr]     File "/usr/lib/python3.10/socket.py", line 955, in getaddrinfo
[INFO] [stderr]       for res in _socket.getaddrinfo(host, port, family, type, proto, flags):
[INFO] [stderr]   socket.gaierror: [Errno -3] Temporary failure in name resolution
[INFO] [stderr] 
[INFO] [stderr]   During handling of the above exception, another exception occurred:
[INFO] [stderr] 
[INFO] [stderr]   Traceback (most recent call last):
[INFO] [stderr]     File "/opt/rustwide/cargo-home/registry/src/index.crates.io-6f17d22bba15001f/v8-0.66.0/./tools/download_file.py", line 64, in <module>
[INFO] [stderr]       sys.exit(main())
[INFO] [stderr]     File "/opt/rustwide/cargo-home/registry/src/index.crates.io-6f17d22bba15001f/v8-0.66.0/./tools/download_file.py", line 59, in main
[INFO] [stderr]       DownloadUrl(args.url, f)
[INFO] [stderr]     File "/opt/rustwide/cargo-home/registry/src/index.crates.io-6f17d22bba15001f/v8-0.66.0/./tools/download_file.py", line 45, in DownloadUrl
[INFO] [stderr]       raise e
[INFO] [stderr]     File "/opt/rustwide/cargo-home/registry/src/index.crates.io-6f17d22bba15001f/v8-0.66.0/./tools/download_file.py", line 29, in DownloadUrl
[INFO] [stderr]       response = urlopen(url)
[INFO] [stderr]     File "/usr/lib/python3.10/urllib/request.py", line 216, in urlopen
[INFO] [stderr]       return opener.open(url, data, timeout)
[INFO] [stderr]     File "/usr/lib/python3.10/urllib/request.py", line 519, in open
[INFO] [stderr]       response = self._open(req, data)
[INFO] [stderr]     File "/usr/lib/python3.10/urllib/request.py", line 536, in _open
[INFO] [stderr]       result = self._call_chain(self.handle_open, protocol, protocol +
[INFO] [stderr]     File "/usr/lib/python3.10/urllib/request.py", line 496, in _call_chain
[INFO] [stderr]       result = func(*args)
[INFO] [stderr]     File "/usr/lib/python3.10/urllib/request.py", line 1391, in https_open
[INFO] [stderr]       return self.do_open(http.client.HTTPSConnection, req,
[INFO] [stderr]     File "/usr/lib/python3.10/urllib/request.py", line 1351, in do_open
[INFO] [stderr]       raise URLError(err)
[INFO] [stderr]   urllib.error.URLError: <urlopen error [Errno -3] Temporary failure in name resolution>
[INFO] [stderr]   thread 'main' panicked at 'assertion failed: status.success()', /opt/rustwide/cargo-home/registry/src/index.crates.io-6f17d22bba15001f/v8-0.66.0/build.rs:414:3
[INFO] [stderr]   stack backtrace:
[INFO] [stderr]      0:     0x559125d4fa21 - std::backtrace_rs::backtrace::libunwind::trace::ha9d9de1bf4176bfa
[INFO] [stderr]                                  at /rustc/e6e4f7ed1589e03bc2f6c5931c1a72e7947e8682/library/std/src/../../backtrace/src/backtrace/libunwind.rs:93:5
[INFO] [stderr]      1:     0x559125d4fa21 - std::backtrace_rs::backtrace::trace_unsynchronized::h165c36ef694ada1c
[INFO] [stderr]                                  at /rustc/e6e4f7ed1589e03bc2f6c5931c1a72e7947e8682/library/std/src/../../backtrace/src/backtrace/mod.rs:66:5
[INFO] [stderr]      2:     0x559125d4fa21 - std::sys_common::backtrace::_print_fmt::h4d89c7ce1e89b43d
[INFO] [stderr]                                  at /rustc/e6e4f7ed1589e03bc2f6c5931c1a72e7947e8682/library/std/src/sys_common/backtrace.rs:65:5
[INFO] [stderr]      3:     0x559125d4fa21 - <std::sys_common::backtrace::_print::DisplayBacktrace as core::fmt::Display>::fmt::hfc68e8a2f3b7b37c
[INFO] [stderr]                                  at /rustc/e6e4f7ed1589e03bc2f6c5931c1a72e7947e8682/library/std/src/sys_common/backtrace.rs:44:22
[INFO] [stderr]      4:     0x559125d7034f - core::fmt::rt::Argument::fmt::hc7dd5538f3de21b7
[INFO] [stderr]                                  at /rustc/e6e4f7ed1589e03bc2f6c5931c1a72e7947e8682/library/core/src/fmt/rt.rs:138:9
[INFO] [stderr]      5:     0x559125d7034f - core::fmt::write::hac9705ca9b43c249
[INFO] [stderr]                                  at /rustc/e6e4f7ed1589e03bc2f6c5931c1a72e7947e8682/library/core/src/fmt/mod.rs:1094:21
[INFO] [stderr]      6:     0x559125d4cf41 - std::io::Write::write_fmt::h7bc9466b47d6774b
[INFO] [stderr]                                  at /rustc/e6e4f7ed1589e03bc2f6c5931c1a72e7947e8682/library/std/src/io/mod.rs:1713:15
[INFO] [stderr]      7:     0x559125d4f835 - std::sys_common::backtrace::_print::h03072469d8150f3e
[INFO] [stderr]                                  at /rustc/e6e4f7ed1589e03bc2f6c5931c1a72e7947e8682/library/std/src/sys_common/backtrace.rs:47:5
[INFO] [stderr]      8:     0x559125d4f835 - std::sys_common::backtrace::print::hd0f67791f02b87ae
[INFO] [stderr]                                  at /rustc/e6e4f7ed1589e03bc2f6c5931c1a72e7947e8682/library/std/src/sys_common/backtrace.rs:34:9
[INFO] [stderr]      9:     0x559125d50d67 - std::panicking::default_hook::{{closure}}::h7c8ccb2c703d1528
[INFO] [stderr]     10:     0x559125d50b54 - std::panicking::default_hook::h770c31d58b53801e
[INFO] [stderr]                                  at /rustc/e6e4f7ed1589e03bc2f6c5931c1a72e7947e8682/library/std/src/panicking.rs:288:9
[INFO] [stderr]     11:     0x559125d5121c - std::panicking::rust_panic_with_hook::hb50e58c42f5187f2
[INFO] [stderr]                                  at /rustc/e6e4f7ed1589e03bc2f6c5931c1a72e7947e8682/library/std/src/panicking.rs:705:13
[INFO] [stderr]     12:     0x559125d510d1 - std::panicking::begin_panic_handler::{{closure}}::h4d6093b91efbd52e
[INFO] [stderr]                                  at /rustc/e6e4f7ed1589e03bc2f6c5931c1a72e7947e8682/library/std/src/panicking.rs:595:13
[INFO] [stderr]     13:     0x559125d4fe56 - std::sys_common::backtrace::__rust_end_short_backtrace::h318963d1ef4510cb
[INFO] [stderr]                                  at /rustc/e6e4f7ed1589e03bc2f6c5931c1a72e7947e8682/library/std/src/sys_common/backtrace.rs:151:18
[INFO] [stderr]     14:     0x559125d50e62 - rust_begin_unwind
[INFO] [stderr]                                  at /rustc/e6e4f7ed1589e03bc2f6c5931c1a72e7947e8682/library/std/src/panicking.rs:593:5
[INFO] [stderr]     15:     0x559125d058d3 - core::panicking::panic_fmt::h6ce9f4b93775846b
[INFO] [stderr]                                  at /rustc/e6e4f7ed1589e03bc2f6c5931c1a72e7947e8682/library/core/src/panicking.rs:67:14
[INFO] [stderr]     16:     0x559125d05963 - core::panicking::panic::h31dab3cee29223ad
[INFO] [stderr]                                  at /rustc/e6e4f7ed1589e03bc2f6c5931c1a72e7947e8682/library/core/src/panicking.rs:117:5
[INFO] [stderr]     17:     0x559125d17640 - build_script_build::download_file::hef95403832d0c30b
[INFO] [stderr]     18:     0x559125d17df7 - build_script_build::download_static_lib_binaries::h98e1457694915417
[INFO] [stderr]     19:     0x559125d13628 - build_script_build::main::h6d23dc99ff3a33e2
[INFO] [stderr]     20:     0x559125d23333 - core::ops::function::FnOnce::call_once::h16ac71724bef801c
[INFO] [stderr]     21:     0x559125d11976 - std::sys_common::backtrace::__rust_begin_short_backtrace::h60996cae0f0db3cd
[INFO] [stderr]     22:     0x559125d11a49 - std::rt::lang_start::{{closure}}::hfbcf41af90851495
[INFO] [stderr]     23:     0x559125d489b5 - core::ops::function::impls::<impl core::ops::function::FnOnce<A> for &F>::call_once::hb332f02ff9fc81e2
[INFO] [stderr]                                  at /rustc/e6e4f7ed1589e03bc2f6c5931c1a72e7947e8682/library/core/src/ops/function.rs:284:13
[INFO] [stderr]     24:     0x559125d489b5 - std::panicking::try::do_call::hed879afea606d968
[INFO] [stderr]                                  at /rustc/e6e4f7ed1589e03bc2f6c5931c1a72e7947e8682/library/std/src/panicking.rs:500:40
[INFO] [stderr]     25:     0x559125d489b5 - std::panicking::try::h395a878f3e4bd2f0
[INFO] [stderr]                                  at /rustc/e6e4f7ed1589e03bc2f6c5931c1a72e7947e8682/library/std/src/panicking.rs:464:19
[INFO] [stderr]     26:     0x559125d489b5 - std::panic::catch_unwind::hb44b6ea043448d57
[INFO] [stderr]                                  at /rustc/e6e4f7ed1589e03bc2f6c5931c1a72e7947e8682/library/std/src/panic.rs:142:14
[INFO] [stderr]     27:     0x559125d489b5 - std::rt::lang_start_internal::{{closure}}::h6184ba9e5b3e5fbf
[INFO] [stderr]                                  at /rustc/e6e4f7ed1589e03bc2f6c5931c1a72e7947e8682/library/std/src/rt.rs:148:48
[INFO] [stderr]     28:     0x559125d489b5 - std::panicking::try::do_call::h8b2c97d4d3608274
[INFO] [stderr]                                  at /rustc/e6e4f7ed1589e03bc2f6c5931c1a72e7947e8682/library/std/src/panicking.rs:500:40
[INFO] [stderr]     29:     0x559125d489b5 - std::panicking::try::hfa4cc536e097f1fe
[INFO] [stderr]                                  at /rustc/e6e4f7ed1589e03bc2f6c5931c1a72e7947e8682/library/std/src/panicking.rs:464:19
[INFO] [stderr]     30:     0x559125d489b5 - std::panic::catch_unwind::ha3e2192625bb4844
[INFO] [stderr]                                  at /rustc/e6e4f7ed1589e03bc2f6c5931c1a72e7947e8682/library/std/src/panic.rs:142:14
[INFO] [stderr]     31:     0x559125d489b5 - std::rt::lang_start_internal::hbd6687884d030770
[INFO] [stderr]                                  at /rustc/e6e4f7ed1589e03bc2f6c5931c1a72e7947e8682/library/std/src/rt.rs:148:20
[INFO] [stderr]     32:     0x559125d11a27 - std::rt::lang_start::hfcc3c443b59265d9
[INFO] [stderr]     33:     0x559125d1b815 - main
[INFO] [stderr]     34:     0x7fceff760d90 - <unknown>
[INFO] [stderr]     35:     0x7fceff760e40 - __libc_start_main
[INFO] [stderr]     36:     0x559125d06025 - _start
[INFO] [stderr]     37:                0x0 - <unknown>
[INFO] [stderr] warning: build failed, waiting for other jobs to finish...
[INFO] running `Command { std: "docker" "inspect" "885f759236625b7acece20194daf480e3dccd36152779caef66cb221bc50147c", kill_on_drop: false }`
[INFO] running `Command { std: "docker" "rm" "-f" "885f759236625b7acece20194daf480e3dccd36152779caef66cb221bc50147c", kill_on_drop: false }`
[INFO] [stdout] 885f759236625b7acece20194daf480e3dccd36152779caef66cb221bc50147c
